 - 6) + -5?
16
Evaluate 713 + -706 - (-3 + 3 + (-1 - -16)).
-8
Calculate 0 - -2 - (0 - 5) - -7.
14
What is the value of 28 + -28 + (21 - -2)?
23
What is -3 + 0 + (-42 - -24)?
-21
Evaluate (-5 - -16) + (-20 - -7) + 1 + 6.
5
Evaluate -46 + 32 - (4 - 6).
-12
What is the value of 6 + -1 + -6 + 4?
3
(-19 - (-13 - -4) - -6) + -3
-7
Calculate (1 - 2 - 2) + -7 + 5 + -2.
-7
What is 9 + -14 + -15 + 20 - (0 + 30)?
-30
What is the value of 6 + 0 - (-8 - -10) - (308 + -294)?
-10
What is 18 + -6 - (-179 + 171)?
20
Evaluate (7 - 10) + -6 - (-6 - 12) - -9.
18
Calculate -8 - (-11 - -14) - 2.
-13
-2 - 4 - (4 + -16 + 0 + -3)
9
Calculate 8 - ((-2 - -1) + 191 + -181) - -15.
14
Calculate (1 - -29 - (-20 + 30)) + -6.
14
What is -35 - ((-20 - -57) + -76)?
4
What is the value of -1 + 7 + (3 + -5 - 18 - 0)?
-14
Evaluate (6 + -8 + 1 - -2) + (1 - -2).
4
What is the value of 2 + (-51 + 54 - (2 + (-3 - -1)))?
5
What is the value of (-2 - (1 + 10 + -2)) + -2?
-13
44 - 47 - ((1 - 0) + -1 + -11)
8
(-20 - -8) + 30 - 5
13
Evaluate -3 + (19 - (24 + -20)).
12
Evaluate -3 + -14 - (5 + -15 + 26 - 19).
-14
(31 - (-25 + 52)) + 19
23
What is 1 + -3 + 2 + -16 + (-915 - -920)?
-11
Evaluate 6 - (12 + -1) - (-2 + -1 + 11).
-13
-7 + 0 + (-2 + 0 - -2) + 2
-5
What is 14 - (13 + (-1 - 3) + -11)?
16
-2 + 0 + 19 + 6 + -35
-12
Evaluate 29 + (14 - 41) - -20.
22
Calculate -37 + (19 - (6 - 14)).
-10
18 + 4 - 23 - -11
10
Calculate (12 - 2) + 63 + -54.
19
Calculate 35 - (15 - -7) - 32.
-19
Evaluate 6 + (-10 + 2 + 11 - 35).
-26
-3 + (-1 - (30 + -15 - 8))
-11
What is -25 - (-10 - -18 - 30)?
-3
What is the value of (8 + -34 + 4 - -17) + (3 - 1)?
-3
What is (27 - (43 - 4)) + -1?
-13
Calculate -8 + 8 + 0 - -10.
10
What is 14 - (7 - -10) - -12?
9
What is the value of -2 + -1 - (3 - (-12 + (5 - -1)))?
-12
What is the value of (-24 - -5) + 0 + (4 - (-8 + 10))?
-17
What is the value of 6 + -6 + (-66 - -63)?
-3
What is -13 + 12 - (-12 + -31 + 21)?
21
Evaluate -4 + 2 + (1 - (2 + 0)) + 4.
1
Calculate -11 + ((0 - 2) + 10 - (-28 - -33)).
-8
(248 - 245) + 1 + -3 + -1 + 8
8
Calculate 7 + -15 + (4 - 22) + 14.
-12
What is the value of -1 - (-23 + 18 - (1 + -7)) - -4?
2
What is the value of (-22 - -17) + (-4 - (0 + -14))?
5
Calculate -15 + 19 - (-4 + -4 + 3 + -9).
18
Evaluate -18 + 37 + (-12 - -6).
13
23 + (-3 - (-21 - -22))
19
9 - 3 - (-6 - (4 + -6))
10
Calculate 2 - (-11 + 26 + -14).
1
Evaluate (1 - (4 + -1)) + 6 + -13 + 7.
-2
(-11 - (5 + (0 - -2))) + -1
-19
Evaluate (-7 - (-14 - 9)) + -40.
-24
What is the value of 1 - (-12 - -18) - -3?
-2
Calculate 1 + (10 - 4 - 21 - (2 - -2)).
-18
What is the value of (-3 - 7) + 44 - (26 - 12)?
20
What is the value of 16 - -1 - ((44 - 26) + -19)?
18
What is 18 + -18 + -32 + 18?
-14
What is the value of -8 + -8 + 16 + -7 - 4?
-11
What is the value of (0 - (9 - (1 - -4))) + -4?
-8
Calculate -2 + (-10 - -4 - -7) + 1.
0
Evaluate (-21 + 13 - -10) + -3.
-1
Calculate (-3 - (-16 - 8)) + -11.
10
What is 11 + (4 + (-5 - -1) - 2) - 31?
-22
What is -13 + -2 + -13 + -23 + 40?
-11
Calculate (7 - 25) + (-5 - -42).
19
What is 18 - (-8 + (2 + (-4 - 0) - -2))?
26
What is -1 + 0 + 16 + 13?
28
What is the value of -6 + -2 + -19 + (5 - -10)?
-12
Calculate 2 + 0 + (-39 - -6 - -9 - -8).
-14
Evaluate (-9 - -3) + 23 - (28 + -45).
34
Calculate 24 - (0 + (-3 - -14) + 2).
11
-2 + -22 + 26 + -22
-20
Evaluate 4 - (-17 + -18 + 51 - 29).
17
What is the value of (-8 - -13 - 18) + 11 - 7?
-9
Evaluate 25 - (-12 + 33 + 3).
1
-10 + -1 - (11 - (1 + 17))
-4
What is 1583 + -1581 + 5 + -2?
5
1090 + -1076 - (-5 - (-2 - -1))
18
What is the value of 224 + -200 + -1 + -5?
18
Evaluate (-16 - -7) + 15 + -5 + -7.
-6
What is -2 + 6 + -3 - 20 - (-16 + 10)?
-13
Calculate 0 - 22 - (-175 - -170).
-17
Evaluate -3 + (18 - 10) + 3.
8
What is the value of 4 + -13 - (4 + 2)?
-15
Calculate 7 + ((6 - 5) + -26 - -4) + 0.
-14
What is the value of -8 - (-1 - (20 - -1 - (16 + -8)))?
6
What is the value of (24 - 2 - 9) + -13 + 0?
0
-4 - (-17 - 22) - 20
15
Calculate -1 + 10 + -11 + 6.
4
Calculate 214 + -196 - (11 - (8 - 4)).
11
-3 + 3 + (-8 - (-15 + -5))
12
What is the value of 3 + 21 + (8 - 22)?
10
(0 + -5 + 4 - (-12 - -16)) + -30
-35
What is -2 + -14 + 53 + -26?
11
Evaluate 18 - (-24 + 30 - 3).
15
Evaluate 4 + (6 - ((-17 - -22) + (-2 - -1))).
6
Evaluate -11 + -1 + -1 + (-2 - (2 + -7)).
-10
What is the value of -27 - (-5 + 16) - -28?
-10
(-22 - -25) + -2 + -7 - (3 + 1)
-10
What is the value of -195 + 199 - (-3 + -1)?
8
What is -6 - ((-2 - -6) + -28 - -8)?
10
-8 - (1 + -17 + -6)
14
What is (-20 - (12 - 17)) + 21 + -2 + 3?
7
1 - ((11 - (12 + (2 - 6))) + 13)
-15
43 + -24 - (-4 - -15)
8
Calculate 16 + (-1 - 3 - (-14 + 9)) - 5.
12
What is the value of -10 + (-1 + 14 - (-81 + 68))?
16
What is (-101 - -112) + 5 + -4?
12
22 - (61 + -15 + -31)
7
What is 24 - 15 - (-22 + 0) - 10?
21
What is the value of (0 - -7) + -9 + 48 + 2 + -23?
25
Evaluate 21 + (-11 - 19 - -32).
23
What is the value of 3 + 11 + (-3 - 18) + 7?
0
1 + (-4 - 2) + (63 - 55)
3
Evaluate -32 + (136 - 96) + (-23 - (-2 + 1)).
-14
Calculate -7 + (2 - (1 - (3 - 4) - -3)).
-10
Calculate 1 + (1 - -1) + (-13 + 18 - -8).
16
Calculate -43 + (36 - 29) - -38.
2
What is the value of -34 + 2 - (-26 - (-54 + 32))?
-28
Calculate (-18 - -13) + 13 + 3.
11
-1 + (-9 - (12 + -12))
-10
What is -12 + (26 - (-23 + 16))?
21
Calculate -2 - 1 - ((5 + -27 - 7) + 6).
20
What is 0 - (0 - (1 + -7 - -16))?
10
Evaluate (7 - 4) + 2 + (1 - 2) + 10.
14
What is (8 - (23 + -7)) + 7 + -1 + 4?
2
35 + (-24 + 21 - 16)
16
Evaluate -10 + 2 - (-8 - -4) - (1 + 16).
-21
What is (-3 + 9 - 14 - (-9 - -3)) + 11?
9
Calculate 3 - (-33 - (31 - 89)).
-22
What is the value of -1 + (-18 - -8 - (-2 + 3))?
-12
Calculate -4 + (-23 - -12) + 28.
13
What is -79 - -59 - (1 + -30)?
9
What is the value of (0 - 10) + -5 + (-19 + 8 - -12)?
-14
Evaluate 7 + (12 - (29 + -13)) + (0 - -2).
5
Calculate (-21 + 21 - -33) + -23.
10
Calculate 0 - -1 - (3 + 4 + -9 - 1).
4
What is the value of 1 + (6 - 27) - -20?
0
Calculate 101 + -112 - (-21 - -1 - (-22 - -22)).
9
What is -21 + -1 + -201 + 212?
-11
What is (2 - (-1 + -7) - -1) + -5?
6
Calculate 35 + -7 + -16 + 19 + -2.
29
Calculate 15 - (1 + 1 + 10 - 5).
8
-1 - (2 + 0) - (-363 - -356)
4
(11 + 65 - 26) + -29
21
What is the value of (-87 - -127) + -37 + 1?
4
What is 10 - (1 + -14 + -82 + 91)?
14
What is the value of 0 + -3 - (1 + 6) - (43 - 86)?
33
What is the value of 1 + (-1 - (14 - -5 - 11))?
-8
What is (14 - 41 - -9) + 49?
31
Calculate 18 + (-2 - 7) - (2 + (-4 - -4)).
7
(1 - (12 + 3)) + 6 + -6
-14
What is 661 + -656 + (-3 + 0 + 3 - 28)?
-23
Evaluate 52 - ((17 - -59) + -42).
18
What is the value of -20 + (1 - 0) + (-52 - -44)?
-27
Calculate (7 - -7) + (-32 - -7).
-11
-5 - (-1 - ((6 - 3) + -8))
-9
What is -8 - (20 + -10) - -14?
-4
Evaluate -14 + (-7 - -14) - 3 - -12.
2
Calculate -5 + -5 + 24 + -10.
4
What is the value of 29 + 20 + -25 - 21?
3
-18 + 27 + 19 - 19
9
Evaluate -6 + -1 + 9 + 2 - -5.
9
What is the value of -239 + 269 + 0 + -19?
11
Calculate (-15 + 16 - (1 + -2) - 4) + 6.
4
Evaluate -13 - (15 + -35) - 20.
-13
What is -109 + 102 + 21 + 2?
16
What is (-20 - (-30 + 16)) + 2 + -6?
-10
Evaluate -3 + (13 - 12) - (1 - (0 - -17)).
14
Evaluate 6 - (-20 - -11 - (-14 + 0)).
1
What is (-4 - 0) + (-1 - -14 - (7 + -4))?
6
What is 57 + 4 + -26 + -3 + (-4 - 3)?
25
Calculate 7 + -8 + -4 - (0 + (7 - 5)).
-7
-5 + 0 + (6 - (1 + -2 - -4))
-2
Calculate (-2 - (-4 - 0)) + (0 - (-6 - 1)).
9
Calculate 14 + -20 - 17 - -25.
2
Evaluate (-40 - -11) + 20 + 27.
18
Calculate -24 + (15 - (8 - 3)) + -4.
-18
Evaluate 1 + 5 + 3 + -10 + 10 + -3.
6
What is 24 + -66 + 34 - (5 - 1)?
-12
-3 + -26 + -27 + 35
-21
Calculate -23 - (24 + -29 - (1 - 0)).
-17
Evaluate 16 - 2 - -2 - (36 - 27).
7
Evaluate (15 - (18 + -10)) + -3 + -5 + 23.
22
What is (0 + -1 - (17 + -35 - -16)) + 2?
3
What is (1 - 8) + -12 + (-7 - -23)?
-3
What is (-2 + 0 - (58 + -65)) + -40 + 30?
-5
Evaluate -5874 + 5869 + (-1 - (1 + -2)) + 6.
1
Evaluate 0 + -5 + (-512 - -505).
-12
Calculate -1 - -4 - (1 - (3 - 6)).
-1
Evaluate -1 + 70 - 57 - (1 - -3).
8
What is the value of 6 + (-4 - (-11 + 6 + 2))?
5
What is -1 + 1 + (18 - 19) + 1 + 4?
4
-1 - -1 - -8 - (-57 - -65)
0
Calculate -9 + (6 - -2 - 2).
-3
What is 11 - (-23 + -14 + 26)?
22
Evaluate 10 + 1 - (-27 + 24 + -16).
30
What is -16 - 